0 = t*r - 39 + 13. List the prime factors of r.
13
Suppose 4*v - 9*v = -2*k - 853, k = v - 170. List the prime factors of v.
3, 19
Let o(v) = 3*v + 1. Let u be o(-8). Let a = -12 - u. List the prime factors of a.
11
Suppose -4*g + 2 = -2. Let k(a) = 43*a**3 - 2*a**2 + a. What are the prime factors of k(g)?
2, 3, 7
What are the prime factors of 8/4 - (-3 - 56)?
61
Let j(q) = q + 4. Let f be j(-4). Suppose 0 = d - 2*r, f*d + 5*d - 3*r - 14 = 0. Let p(n) = 2*n**2 - 7*n + 4. What are the prime factors of p(d)?
2
Let g = 212 - 188. What are the prime factors of g?
2, 3
What are the prime factors of 4/(16/68) - -3?
2, 5
Let v(b) = 3*b - 1. Let t(l) = 1. Let q(d) = -5*t(d) + v(d). What are the prime factors of q(9)?
3, 7
Let p = -5 - -134. List the prime factors of p.
3, 43
Suppose 0 = -5*z - 20 + 80. What are the prime factors of z?
2, 3
Let j(v) = 2*v - 4. Let z be j(4). Suppose 2*w + 0*f = 2*f - 4, 8 = -w + z*f. Suppose -4*c - 3*l + 40 = w, 1 = 2*l - 7. What are the prime factors of c?
7
What are the prime factors of ((-3)/(-2))/(36/2136)?
89
What are the prime factors of 678/9*(-7 - -10)?
2, 113
What are the prime factors of (-1 - -23)/(18/27)?
3, 11
Suppose 5*m + 16 - 81 = 0. Suppose 0 = 5*y - m - 22. What are the prime factors of y?
7
What are the prime factors of 3/3 + 98 + (0 - -1)?
2, 5
Let a(o) = 14*o**2 - 2*o. Let k(m) = m. Let x(s) = a(s) + 3*k(s). List the prime factors of x(1).
3, 5
Let h(y) = y - 2. Let q be h(6). Let c be (-3)/(-2)*(-88)/(-6). Suppose -3*i + 24 = -u + 4, -5*i - q*u = -c. List the prime factors of i.
2, 3
Let b(p) = 4*p - 3. Let z be 10/(-30) + (-16)/(-3). List the prime factors of b(z).
17
What are the prime factors of 40/(-180) - 299/(-9)?
3, 11
Suppose -5*k + 3*l + 3 = 8, -2*l = 10. List the prime factors of k/(-6)*(-27)/(-2).
3
Suppose 17*f - 305 = 12*f. What are the prime factors of f?
61
Suppose 0*b = -3*b - a + 216, 0 = 2*b + 3*a - 137. List the prime factors of b.
73
Suppose 0 = 4*b - 2*b + w - 843, -4*b = -2*w - 1698. What are the prime factors of b?
3, 47
Let w(t) = -t**3 + 9*t**2 - 9*t + 9. Let o be w(8). What are the prime factors of 1 + 9 + o + 0?
11
Suppose -2*z - 4*b = -7*z - 4, -3*z + 3 = 3*b. Suppose 0 = 6*x - 294 + 96. Suppose z = i + 2*i - x. List the prime factors of i.
11
Suppose 2*s = -2*s - 8. Let f be -2 - (-1 + 1*s). Suppose -4*v = -f - 31. List the prime factors of v.
2
Suppose 3*y + 2*y - 4*h = 55, 3*y + 4*h - 1 = 0. What are the prime factors of y?
7
Let d(p) = 40*p + 9. What are the prime factors of d(3)?
3, 43
Let d be 36/(-2)*14/21. Let r = -6 - d. List the prime factors of r.
2, 3
List the prime factors of ((-3 - -2) + 5)*(-815)/(-20).
163
Let d(u) = 2*u - 4*u**3 + 1 + 7*u**3 + 7*u**3 - 2. Suppose 5*g - 7 = -c + 19, -2*c = 4*g - 22. What are the prime factors of d(c)?
11
Let n be (-10)/(-2*1)*7. Let x be 84/4 - 0/(-3). Let c = n - x. List the prime factors of c.
2, 7
Suppose 12 = 4*c + 2*t, -3*c = 2*c + t - 9. Suppose u = 1 + c. Suppose -r = 4*m - 15, 7*r + 5*m - 60 = u*r. List the prime factors of r.
11
Let v(l) = l**2 - 3. List the prime factors of v(-4).
13
Let g be (-2)/1 + -5 + 21. Let x = g - -6. Suppose -f - x = -3*h, 0*f + f = -h + 8. What are the prime factors of h?
7
Let w(x) = -x**2 + 8*x + 5. Let q be w(8). Suppose q*o + 4 = 54. List the prime factors of o.
2, 5
Suppose -p - 2*v + 4 = 0, 2*p + v - 3*v = -16. Let r = 13 - p. What are the prime factors of r?
17
List the prime factors of 3 - -97 - 4/(-2).
2, 3, 17
Suppose -2*m + n = -14, 3*n = -4*m + m + 39. List the prime factors of m.
3
Let b = 83 - -5. What are the prime factors of b?
2, 11
Suppose -3*s + 643 = -2*k + 29, 2*s - k = 410. List the prime factors of s.
2, 103
Let u be 2*(-1)/(-4)*2. Suppose 3*l + 4*j = 0, -u - 5 = -2*j. Let h(p) = p**2 + 3*p + 3. List the prime factors of h(l).
7
Let z(q) = 2*q. Let n be z(-1). Let w be 0 + n - (3 - 0). Let o = w + 10. List the prime factors of o.
5
Suppose 0 = -3*n - 3 + 36. Let k = n + 0. List the prime factors of k.
11
Suppose -5*t - 20 = -4*t + 5*z, -5*t - 3*z = -10. Let c = -2 + t. Suppose -3*j + 36 = -3*k, 0 = c*j + 3*k + k - 8. What are the prime factors of j?
2
Let i be (-1 - -1)*1/(-2). Let m be (-1)/(-2)*(-1 + -1 + 2). Suppose -25 = -m*d - d + 3*t, -2*d - 5*t + 17 = i. What are the prime factors of d?
2
Let b(r) = 2*r**2 - 8*r + 17. Let x be b(8). Suppose 0 = 5*f - 4*h + x - 218, -5*h = -f + 40. List the prime factors of f.
5
Suppose -6*z + 2*z + 610 = c, 3*z = 4*c + 467. List the prime factors of z.
3, 17
Suppose 0 = -0*v - 2*v + 10. Suppose b + v = 1. What are the prime factors of (-2)/(-1 + (-3)/b)?
2
Let c(a) = -a**3 - 2*a**2 + 5*a + 2. Suppose -5*i + 0*i - 20 = 0. List the prime factors of c(i).
2, 7
Let b(k) be the third derivative of 1/60*k**5 + 1/12*k**4 + 0*k + 1/3*k**3 + 0 - 3*k**2. List the prime factors of b(-4).
2, 5
Suppose -4*k = -16, 3*d + k - 24 = -2*d. Suppose -2*j - 4 = -4*j - 4*f, 0 = 3*j + d*f - 4. Suppose -2*u + 0*u + 18 = j. List the prime factors of u.
3
Let c = -15 + 69. List the prime factors of c.
2, 3
Suppose -d + 0*d = -5. Suppose -d*r + 45 = 3*m, -3*r - 3*m = -16 - 11. List the prime factors of r.
3
Suppose 28 = 4*r - 3*b, 4*b = r - 0*b - 7. Let z = r + -2. What are the prime factors of z?
5
What are the prime factors of (-2 - (-4500)/55) + 4/22?
2, 5
Let k(z) = z**3 + z - 6. Let r be k(0). What are the prime factors of (-2)/(22/r - -3)?
3
Suppose -1 - 5 = -2*a. Suppose i = 5, 3*i + 0*i = -3*n - a. List the prime factors of (-1)/(-3) - 34/n.
2, 3
Suppose 1 - 4 = -q. Let a = 6 - q. Suppose -4*b = 5*r + 1, -2*b - 10 = 5*r + a. List the prime factors of b.
2, 3
Let c(t) = -6 + 1 - t**3 - 5*t**2 - 6*t + 0*t**3. What are the prime factors of c(-4)?
3
Suppose 0 = c + c + 2. Let s(k) = 5*k**3 + 2*k + 1. Let b be s(c). Let n = -3 - b. List the prime factors of n.
3
Let p(u) = -2*u**2 + 2*u - 1. Let j be p(2). Let l be ((-8)/10)/((-1)/j). Let q = l + 9. List the prime factors of q.
5
Suppose r - 96 - 16 = 0. What are the prime factors of r?
2, 7
Suppose -2*c + 46 = 2. Let j = c - 12. What are the prime factors of j?
2, 5
Let v = 6 + -4. Let m be (-66)/(-10) + v/5. Suppose -4*z - m = 3*k, k = 2*z + 1 + 10. List the prime factors of k.
3
Let k = -8 + 12. Let x(g) = 4*g - 7 - 2*g + 4. List the prime factors of x(k).
5
Let f be -2 - (-1 + 97)/(-3). Suppose 4*u - f = -u. Suppose 0 = -2*c + u*c - 40. List the prime factors of c.
2, 5
Let w be (1 - 1)/(1 - -1). Suppose -3*j + 15 = 4*l, -2*j + w*j = 3*l - 11. What are the prime factors of j/4 - (-62)/8?
2
Let m(n) = n - 9. Let s be m(7). Let c(q) = -9*q + 3. List the prime factors of c(s).
3, 7
Let c = -11 + 57. What are the prime factors of c?
2, 23
Let p(k) = k**2 + 1. Let z be p(-1). Suppose z*b - 16 - 12 = 0. List the prime factors of b.
2, 7
Suppose 5*n = -4*t + 151, t + n = -0*t + 39. List the prime factors of t.
2, 11
Let t(u) = 8*u - 2. Let v be t(2). Let q = v + -3. What are the prime factors of q?
11
Suppose 2*n + 0*n - 4*a - 34 = 0, -2*n + 2 = 4*a. Suppose 4*g - 21 = -y + n, 3*y - 18 = -3*g. What are the prime factors of g?
2
Let v(n) = 57*n - 73. What are the prime factors of v(5)?
2, 53
Suppose -16 = -2*y + 4*l, 1 + 7 = -5*y - 2*l. Suppose 4*d - 18 = -h + 3*h, 3*h - 2*d + 27 = y. Let x = h - -13. What are the prime factors of x?
2
Let q(b) = -b**2 + 6*b + 5. Let r be q(5). Suppose 0 = -4*z + 5*z + r. List the prime factors of 2/z*2*-5.
2
Let s be -1 + 0 + (-12)/6. Let w(i) = 5*i**2 + i - 2. List the prime factors of w(s).
2, 5
Let z(y) = y**3 + 6*y**2 - y - 3. Let s be z(-6). What are the prime factors of (-3 - -12)/s - -38?
41
Let u be 3/2*(-140)/(-30). Suppose 2*d = -4*l + 11 + u, 4*l - 3*d - 3 = 0. What are the prime factors of l?
3
Let p = 16 + -9. Let t = p + -9. Let k = t - -9. What are the prime factors of k?
7
Suppose -a + 3*l = -2, 3*a - 18 + 0 = 3*l. Suppose 2*g = -g + 4*c + 23, g = c + a. What are the prime factors of g?
3
Let b = 9 + -14. Let k(a) = a**3 + 6*a**2 + 3*a. List the prime factors of k(b).
2, 5
List the prime factors of (-15)/20 - 142/(-8).
17
Suppose -3*x + 5*m + 4 = -16, -m - 11 = -2*x. Suppose n - x*n = 0. Suppose 4*a - 5*f = 18, 3*a + n = -5*f + 31. List the prime factors of a.
7
Let y(m) = -m + 1. Let c be y(7). Let p be (c/5)/((-3)/15). Let g = p + -4. List th